t o(a) = 12*a - 13. Let g be o(6). Let z = 113 - g. What are the prime factors of z?
2, 3
Let h = 108 - 70. Suppose -h*o = -35*o - 255. What are the prime factors of o?
5, 17
Let a be ((4/1)/8)/((-1)/180). Let f = -80 - a. What are the prime factors of f?
2, 5
Let g(a) = a**3 - 9*a**2 - a + 1. Let f be g(4). Let z = 26 - f. What are the prime factors of z?
109
Let k(d) = 6*d**2 + 2*d - 4. Let r = -10 + 5. Let b be k(r). What are the prime factors of (b/10)/(16/40)?
2, 17
Suppose 0 = 3*j + 11*a - 6*a - 6035, -a - 10105 = -5*j. List the prime factors of j.
2, 5, 101
Let x be -5*12/9*3. Let m = 37 + x. List the prime factors of m.
17
Suppose -26*s = 5*s - 11873. What are the prime factors of s?
383
Let p(r) = r**3 - 13*r**2 - 12*r + 20. Let t be p(15). Suppose 0 = 2*d + 106 - t. What are the prime factors of d?
2, 23
Let g(x) = -3*x**3 - 8*x**2 + 27*x - 1. What are the prime factors of g(-8)?
3, 269
Let n(t) = t + 27. Suppose 19 + 13 = -2*w. List the prime factors of n(w).
11
Suppose -5993 = -27*f + 38179. List the prime factors of f.
2, 409
Let n = -91 + -153. Let r be (-2)/3 + n/(-6). Let q = -29 + r. List the prime factors of q.
11
What are the prime factors of (-2 - -1)/((-12852)/(-12858) + -1)?
2143
Let t be ((-10)/(-20))/(1/(-62)). What are the prime factors of ((-99)/(-36))/(t/32 + 1)?
2, 11
Let n = -51 + 36. Let i = n - -19. Suppose -i*s + 46 = -90. What are the prime factors of s?
2, 17
Suppose 2775 = 5*l + 5*k, 0*k - 3*k = -4*l + 2199. Suppose 6*i - l = 2*i. List the prime factors of i.
2, 3, 23
Suppose 314 = -7*a - 694. What are the prime factors of 240/(-18)*a/10?
2, 3
Suppose c = 5*j + 78, -2*j - 84 = 3*j - 3*c. List the prime factors of 39 + (-5)/j*-3.
2, 19
Suppose 7*l = l - 30. What are the prime factors of (-19)/((-665)/5796) - (-3)/l?
3, 5, 11
Let o(z) = -z**3 + 7*z**2 - 4*z + 1. Let c be o(6). Suppose -c*f = 2*f - 1845. List the prime factors of f.
3, 41
Suppose 2*n - 103 - 100 = 3*p, 4*n - 5*p = 405. Suppose -8 = -2*b, 108 + n = 4*f + 5*b. What are the prime factors of f?
47
Let s be 36/63 + (-50)/14. Let g be (30/(-9))/(2/s). Suppose 3*p = -5*k + 133, -k = -g*p + k + 170. What are the prime factors of p?
2, 3
Let h = 28 - 64. List the prime factors of (13/2)/(1*(-2)/h).
3, 13
Let v(u) = -u + 11. Let p be v(8). Suppose 5*j = 12 + p. Suppose -j*x = -57 + 9. What are the prime factors of x?
2
Let f(p) be the third derivative of -p**6/120 + p**5/60 + p**4/12 + 4*p**3/3 + 6*p**2. Let y(a) = -a - 3. Let u be y(-3). What are the prime factors of f(u)?
2
Let r(y) = y**2 - 3*y - 5. Let q be r(6). Suppose 4*p - 3*p = q. List the prime factors of (-2)/p - (-810)/195.
2
Suppose -5*f + 31 + 61 = -2*x, 161 = -3*x - 4*f. Let i = x + 139. What are the prime factors of i?
2, 11
Let z(p) be the first derivative of 2*p**3 + 13*p**2/2 - 7*p + 1. What are the prime factors of z(-5)?
2, 3, 13
Let p be (-1 + 1 + -1)*(-405 - -22). Let u = -171 + p. What are the prime factors of u?
2, 53
Let m(t) = 2*t + 0 - 3 + 28*t**2 + 2 - 1. Let r be m(2). Let c = r + -81. What are the prime factors of c?
3, 11
Let g(s) = s**3 + 35*s**2 - 14*s - 84. List the prime factors of g(-33).
2, 3, 71
Let y = -61 + 282. What are the prime factors of y?
13, 17
Let k(l) = -5*l - 9. Let j be k(-3). Suppose -r = -2*x + r + j, 4*x + r = 7. What are the prime factors of 3/x*(-176)/(-6)?
2, 11
Let g = -60 - -92. Suppose 2*k - g = 30. What are the prime factors of k?
31
Let f(x) = 174*x + 21. List the prime factors of f(2).
3, 41
Suppose -3*i - 2*x - 32 = -5*i, -5*i + 98 = x. Let s(p) = -2*p**2 + 20*p + 2. Let n be s(i). What are the prime factors of (2/(-8))/(5/n)?
17
Let d be 3/(-2)*(-20 - -10). Let p be (-78)/d*10/(-4). Suppose -4*r = 3*q - 32, 2*q = 3*r + 7*q - p. What are the prime factors of r?
11
Let o = 151 + 1507. List the prime factors of o.
2, 829
What are the prime factors of 12*(2/4 - -5)?
2, 3, 11
Let u(v) = 2*v**3 + v**2 - 16*v + 26. What are the prime factors of u(9)?
7, 29
Suppose 3*f = 5*n + 16, -f - 4*n = f + 4. Suppose 27 = 5*y + f*w, -3*y + 21 = y + w. Suppose -2*m + 80 - 18 = 2*i, 157 = y*i + 3*m. List the prime factors of i.
2
Suppose -s - 5724 = -4*u, -2889 = -5*u - s + 4266. What are the prime factors of u?
3, 53
Let k(t) = t - 4. Let z be k(9). Suppose -5*d + 4*w = 3*w - 10, 3*w = 5*d. Suppose -2*q + 37 = -d*l, 0 = -0*q + q + 3*l - z. What are the prime factors of q?
2, 7
Let u = -303 - -693. List the prime factors of u.
2, 3, 5, 13
Let n be (-48)/24 + (-1)/1. List the prime factors of n/12 - (-483)/28.
17
List the prime factors of (-4 - 9644/(-20)) + (-1)/5.
2, 239
Suppose -67*y - 68931 + 217336 = 0. What are the prime factors of y?
5, 443
Suppose 197 = -5*i - 4*f - 50, i + 45 = -3*f. Let t = i + 114. What are the prime factors of t?
3, 7
Suppose 3*i - 1238 = -11*p + 7*p, -1236 = -3*i - 3*p. List the prime factors of i.
2, 5, 41
Let v(w) = -w**3 + 26*w**2 - 10*w - 20. What are the prime factors of v(25)?
5, 71
Let v be 40*6*4/(-30). Let i = v - -235. List the prime factors of i.
7, 29
Let g be 25/10 + (-1)/2. Suppose p = g*p. Suppose p*u = 2*u - 12. What are the prime factors of u?
2, 3
Suppose -1426 = -13*h + 10209. What are the prime factors of h?
5, 179
Let n be (-36)/(-15)*(-60)/(-18). Suppose y = -y + n. Suppose 3*v - y*v + 6 = 0. What are the prime factors of v?
2, 3
List the prime factors of (6432/(-64))/((-9)/78).
13, 67
Let p be 2/4 + 7/14. Let h be (p - -1)*(14 - 12). Suppose 29 = -h*y + 141. List the prime factors of y.
2, 7
Let z(y) = 30*y**3 + 3*y**2 - 2*y. Suppose -7 + 5 = -2*c. What are the prime factors of z(c)?
31
Suppose -52 = 2*i + 3*j, 0*i = 4*i - 3*j + 68. Let q = i + 29. Suppose 5*a - 110 = 3*d, 2*a + q = 3*a + 2*d. What are the prime factors of a?
19
Suppose 8 - 56 = 6*l. Suppose -5*z = -2*z - 27. List the prime factors of z*(l/2 + 6).
2, 3
Suppose 0 = -t - 7*t + 1424. Suppose -4*c + 4*r = -480, 0 = -5*c - 3*r + 754 - t. What are the prime factors of c?
3, 13
Suppose -3*v + 6600 = 5*v. List the prime factors of v.
3, 5, 11
Let d = -33 + 37. What are the prime factors of (-49)/(-2) - d/8?
2, 3
Let f be 3/(-21) - 57/(-7). Let h be f/(-8) + (-8)/(-2). Suppose h*t - 16 - 53 = 0. List the prime factors of t.
23
What are the prime factors of -2 - -4 - -128 - (-1 + 2)?
3, 43
Let b = 2876 - 819. What are the prime factors of b?
11, 17
Let c(s) = 2*s**2 - 12*s + 20. Let j be (-10 - (1 + 2))*-3. Suppose -3*d = 12 - j. What are the prime factors of c(d)?
2, 37
Suppose r + 4*r = 90. Let w = r - -50. What are the prime factors of w?
2, 17
Suppose 3 = j - 6. Let q = 14 - j. Suppose q*v = 149 - 9. List the prime factors of v.
2, 7
Suppose k - 3*g - 1034 = -4*g, 3101 = 3*k + 2*g. List the prime factors of k.
1033
Let v(k) be the second derivative of 19*k**5/20 + k**4/12 - k**3/6 - k**2/2 + 9*k. Let h be v(-1). What are the prime factors of (2*-17)/(-20 - h)?
17
Suppose 2*u - u - 5*b = -21, b - 1 = u. Suppose -6*z + u*z = -154. List the prime factors of z.
7, 11
Suppose -4*u + 0*v + v + 44 = 0, 3*u - 4*v = 33. Let a(w) = -w**3 + 13*w**2 - 2*w - 15. What are the prime factors of a(u)?
5, 41
Let g be 20/6*(-6)/(-5). Suppose 0 = s - 5*m, 2*s - m - g*m - 15 = 0. List the prime factors of s.
3, 5
Let r be (-1 + (-4)/(-3))*-6. Let j be r/(-4) - (-6)/4. What are the prime factors of (1 - -31) + j + 0?
2, 17
Let t(g) = 51*g**3 - g**2. Let a be t(1). Suppose -5*w = v + 4*v - a, 0 = 3*v - 5*w + 2. Let n = v - 0. What are the prime factors of n?
2, 3
Suppose 24 = -q + 3*j, q + 6 = -j + 2. Let h(v) = -11*v. What are the prime factors of h(q)?
3, 11
Let w(z) = 99*z - 31. List the prime factors of w(8).
761
Let f(z) = -z**2. Let t be f(0). Let o be ((-100)/(-60))/(5/18). Suppose t = b + b - o. What are the prime factors of b?
3
Suppose 0 = -5*z + 4*z. Suppose z*p - 3*p + 377 = 4*o, 0 = p - 2*o - 119. What are the prime factors of p?
3, 41
Suppose -4*f + 16 = 4*h, -2*h - 27 = -5*f - 0*h. Let c(w) = -3 + 7 - f*w - 1. List the prime factors of c(-6).
3, 11
Let s(x) = -x**3 - 7*x**2 - x + 187. List the prime factors of s(0).
11, 17
Let v(o) be the second derivative of -4*o**3/3 + 6*o**2 - 5*o. What are the prime factors of v(-8)?
2, 19
Let n be 6/3 + (-2)/(-1). Suppose 0 = -y - n*y. Suppose -4*m - 4*q + 88 = y, 81 = 4*m + 2*q - 1. What are the prime factors of 